{"id":64,"date":"2024-01-18T13:32:53","date_gmt":"2024-01-18T12:32:53","guid":{"rendered":"https:\/\/test.kaerntencard.at\/winter\/agb\/"},"modified":"2025-11-25T09:22:55","modified_gmt":"2025-11-25T08:22:55","slug":"agb","status":"publish","type":"page","link":"https:\/\/www.kaerntencard.at\/winter\/agb\/","title":{"rendered":"AGB"},"content":{"rendered":"\n<p>Allgemeine Gesch\u00e4ftsbedingungen<\/p>\n\n\n\n<p><strong>1 Geltungsbereich der AGBs, Begriffsbestimmungen:<\/strong><\/p>\n\n\n\n<p>Diese Allgemeinen Gesch\u00e4ftsbedingungen (im Folgenden kurz \u201e<em>AGB<\/em>\u201c) gelten f\u00fcr alle Kategorien der K\u00e4rnten Card und f\u00fcr sonstige Angebote und Leistungen der Interessensgemeinschaft K\u00e4rnten Card Betriebe (im Folgenden kurz \u201e<em>IGKC<\/em>\u201c) gleicherma\u00dfen, sofern nicht in einzelnen Bestimmungen abweichenden Regelungen getroffen werden. Ein direkter Vertrag wird nur mit den eigenverantwortlichen, selbst\u00e4ndig t\u00e4tigen, gewerblichen lokalen Anbietern und Leistungserbringern abgeschlossen (im Folgenden kurz \u201e<em>Partnerbetriebe<\/em>\u201c).<\/p>\n\n\n\n<p>\u201e<em>Inklusivpartner<\/em>\u201c sind Partnerbetriebe, die der K\u00e4rnten Card Kunde mit g\u00fcltiger K\u00e4rnten Card max. 1 mal pro Tag gratis besuchen kann. Genaue Leistungsbeschreibung entnehmen Sie der jeweiligen Detailseite des Ausflugszieles.<\/p>\n\n\n\n<p>\u201e<em>Bonuspartner<\/em>\u201c sind Partnerbetriebe, die einer Bestpreisgarantie unterliegen; diese m\u00fcssen den Karteninhabern jeweils dieselben oder bessere Konditionen gew\u00e4hren als allen anderen Individualkunden.<\/p>\n\n\n\n<p>\u201e<em>Bonuspartner<\/em>\u201c sind Partnerbetriebe, die einer Bestpreisgarantie unterliegen; diese m\u00fcssen den Karteninhabern jeweils dieselben oder bessere Konditionen gew\u00e4hren als allen anderen Individualkunden.<\/p>\n\n\n\n<p>F\u00fcr die Ausstellung und Verwendung der K\u00e4rnten Card gelten die nachstehenden Bedingungen ausdr\u00fccklich als vereinbart:<\/p>\n\n\n\n<p>2 <strong>Leistungen, Begriffsbestimmungen:<\/strong><\/p>\n\n\n\n<p>Mit dem Kauf der K\u00e4rnten Card oder der dem Kauf gleichgestellten Aufbuchung eines K\u00e4rnten Card Leistungspaktes auf eine bereits bestehende Karte erwirbt der jeweilige K\u00e4ufer, je nach Kartenkategorie und nach Ma\u00dfgabe der gegenst\u00e4ndlichen Allgemeinen Gesch\u00e4ftsbedingungen, Anspruch auf die in der Brosch\u00fcre dargestellten Leistungen. Hierbei handelt es sich entweder um Inklusivleistungen der jeweiligen Inklusivpartner der K\u00e4rnten Card oder um Bonusleistungen der K\u00e4rnten Card Bonuspartner.<\/p>\n\n\n\n<p>Inklusivleistungen umfassen die durch den Erwerb der K\u00e4rnten Card bereits abgegoltene Inanspruchnahme der jeweils angebotenen Leistung. Bonusleistungen umfassen lediglich den Anspruch auf eine Erm\u00e4\u00dfigung von zumindest 10 % auf das, f\u00fcr die jeweils in Anspruch genommene Leistung zu bezahlende Entgelt. Ma\u00dfgeblich f\u00fcr den Umfang und die Art der zu beanspruchenden Leistung ist, neben der jeweiligen Kartenkategorie, stets der unverbindliche Inhalt der K\u00e4rnten Card Brosch\u00fcre.<\/p>\n\n\n\n<p>3 <strong>Leistungsumfang\/Haftung:<\/strong><\/p>\n\n\n\n<p>S\u00e4mtliche Partnerbetriebe der K\u00e4rnten Card agieren eigenverantwortlich als selbst\u00e4ndige gewerbliche Betriebe. Die Partnerbetriebe sind verpflichtet, den Karteninhabern im Aktionszeitraum zu ihren gew\u00f6hnlichen Gesch\u00e4ftszeiten und ihren allgemeinen Bef\u00f6rderungs- und Gesch\u00e4ftsbedingungen zeitlich und mengenm\u00e4\u00dfig ihre als K\u00e4rnten Card Leistung gekennzeichneten Leistungen in vollem Umfang zur Verf\u00fcgung zu stellen. Die Leistung eines Inklusivbetriebes kann w\u00e4hrend des Aktionszeitraumes max. 1-mal pro Tag in Anspruch genommen werden. Den genauen Leistungsumfang entnehmen Sie der jeweiligen Detailseite des Ausflugszieles in unseren Werbemitteln.<\/p>\n\n\n\n<p>Beschr\u00e4nkungen der Inanspruchnahme von Leistungen der K\u00e4rnten Card k\u00f6nnen sich generell aus den Betriebszeiten einzelner Partnerbetriebe ergeben, welche vor allem aus witterungs- und saisonbedingten Umst\u00e4nden nicht den gesamten Aktionszeitraum der K\u00e4rnten Card abdecken. Die unverbindlich angegebenen \u00d6ffnungszeiten in der K\u00e4rnten Card Brosch\u00fcre sowie allf\u00e4llige Informationen der Partnerbetriebe selbst (z.B. deren Homepage, etc.) sind somit zu beachten.<\/p>\n\n\n\n<p>Die IGKC beh\u00e4lt sich vor, die Vereinbarungen mit einzelnen Inklusivpartnern oder Bonuspartnern wichtigen Gr\u00fcnden auch w\u00e4hrend des Aktionszeitraumes jederzeit zu beenden, ohne dem Karteninhaber f\u00fcr die hiedurch entfallende M\u00f6glichkeit der Inanspruchnahme angebotener Leistungen Ersatz leisten zu m\u00fcssen.<\/p>\n\n\n\n<p>F\u00fcr Leistungen der \u201eNationalpark K\u00e4rnten Card\u201c gelten dar\u00fcber hinaus die Bedingungen der \u201eHohe Tauern \u2013 die Nationalpark-Region in K\u00e4rnten Tourismus GmbH\u201c.<\/p>\n\n\n\n<p>4 <strong>Mautstra\u00dfen\/Schifffahrtslinien\/Bergbahnen:<\/strong><\/p>\n\n\n\n<p>Anl\u00e4sslich der Benutzung von Mautstra\u00dfen muss jeder Fahrzeuginsasse (Motorrad-, PKW- oder Businsasse) eine g\u00fcltige K\u00e4rnten Card besitzen. Andernfalls wird eine anteilige Stra\u00dfenmaut verrechnet.<\/p>\n\n\n\n<p>Das Angebot der Schifffahrtslinien bezieht sich auf die Linienfahrt laut Fahrplan, nicht aber auf Sonderveranstaltungen und Sonderleistungen.<\/p>\n\n\n\n<p>Die K\u00e4rnten Card ist eine Freizeitkarte und keine Sportkarte. Das Angebot der Bergbahnen bezieht sich daher nicht auf t\u00e4glich mehrfachen Wiederholungsverkehr zu sportlichen Zwecken (z.B. Paragleiten, Rodeln, Radfahren, etc.).<\/p>\n\n\n\n<p><strong>5 Ausgabevoraussetzungen:<\/strong><\/p>\n\n\n\n<p>Die K\u00e4rnten Card wird von hiezu autorisierten Verkaufs- bzw. Ausgabestellen ausgefertigt. Bereits ausgegebene K\u00e4rnten Card Saisonkarten k\u00f6nnen in hiezu autorisierten Auflade- bzw. Verkaufsstellen sowie \u00fcber autorisierte Internetportale aufgeladen werden. Bei den Auflade- bzw. Verkaufsstellen handelt es sich jeweils um Erf\u00fcllungsgehilfen der IGKC.<\/p>\n\n\n\n<p>Die Nationalpark K\u00e4rnten Card wird f\u00fcr die Dauer des Aufenthaltes des Touristen kostenlos von bestimmten Beherbergungsbetrieben ausgegeben und kann nicht k\u00e4uflich erworben werden.<\/p>\n\n\n\n<p>6 <strong>G\u00fcltigkeitsvoraussetzungen:<\/strong><\/p>\n\n\n\n<p>Die K\u00e4rnten Card lautet ausschliesslich auf den jeweiligen Inhaber und ist weder \u00fcbertragbar noch vererblich. Sie ist nur in Verbindung mit einem amtlichen Lichtbildausweis g\u00fcltig. Die mit der K\u00e4rnten Card verbundenen Leistungen kann nur die auf der Karte namentlich angef\u00fchrte Person innerhalb der G\u00fcltigkeitsdauer (im Folgenden kurz \u201eAktionszeitraum\u201c) der K\u00e4rnten Card (Aktionszeitraum) in Anspruch nehmen.<\/p>\n\n\n\n<p>Der Aktionszeitraum wird in der j\u00e4hrlich neu aufgelegten K\u00e4rnten Card Brosch\u00fcre festgelegt. Der G\u00fcltigkeitszeitraum jeder einzelnen K\u00e4rnten Card richtet sich nach dem jeweils erworbenen Leistungspaket. Dies gilt sowohl f\u00fcr die Winter K\u00e4rnten Card als auch die Sommer K\u00e4rnten Card.<\/p>\n\n\n\n<p>Eine Kostenr\u00fcckerstattung f\u00fcr in einem Kalenderjahr ungenutzte oder nur teilweise genutzte Karten und Leistungspakete findet nicht statt.<\/p>\n\n\n\n<p>7 <strong>Verwendung<\/strong> <strong>und Missbrauch<\/strong><\/p>\n\n\n\n<p>Die K\u00e4rnten Card ist personengebunden (vgl Punkt 6.); eine Weitergabe an Dritte ist untersagt und kann strafrechtliche Folgen sowie Ersatzforderungen nach sich ziehen.<\/p>\n\n\n\n<p>Zur Inanspruchnahme der mit der K\u00e4rnten Card verbundenen Leistungen weist der Karteninhaber dem jeweiligen Partnerbetrieb seine K\u00e4rnten Card pers\u00f6nlich und zusammen mit einem g\u00fcltigen, amtlichen Lichtbildausweis vor. Ist er dazu nicht in der Lage, werden die Leistungen der K\u00e4rnten Card entsch\u00e4digungslos verweigert.<\/p>\n\n\n\n<p>Bei begr\u00fcndetem Verdacht auf unrechtm\u00e4\u00dfige Verwendung oder bei einem Missbrauchsversuch sind die Partnerbetriebe angewiesen, die Karte ersatzlos einzubehalten. Die Karte wird f\u00fcr die weitere Nutzung gesperrt und es hat der Karteninhaber der IGKC einen pauschalen Aufwandsersatz in H\u00f6he der Kosten eines Saisonpakets gem\u00e4\u00df jeweils aktueller Preisliste zu leisten.<\/p>\n\n\n\n<p>Die Weitergabe der K\u00e4rnten Card an Dritte ist nicht gestattet und zieht strafrechtliche Folgen und Schadenersatznachforderungen nach sich.<\/p>\n\n\n\n<p>8 <strong>Preise und Kindererm\u00e4\u00dfigungen:<\/strong><\/p>\n\n\n\n<p>Es gelten die jeweils in der K\u00e4rnten Card Brosch\u00fcre bzw. unter www.kaerntencard.at festgesetzten Preise der einzelnen Kartenkategorien und Leistungspakete. Die altersgruppenbezogenen Erm\u00e4\u00dfigungen richten sich nach Geburtenjahrg\u00e4ngen, die f\u00fcr das jeweilige Kalenderjahr in der K\u00e4rnten Card Brosch\u00fcre angef\u00fchrt sind.<\/p>\n\n\n\n<p>9 <strong>Diebstahl\/Verlust:<\/strong><\/p>\n\n\n\n<p>Bei Diebstahl oder Verlust der K\u00e4rnten Card kann der Karteninhaber diesen Vorfall bei jeder Ausgabestelle melden. Die IGKC \u00fcbernimmt keine Haftung bei Diebstahl oder Verlust. Kostenloser Duplikatsdruck der Karte nur nach Vorlage eines g\u00fcltigen Lichtbildausweises m\u00f6glich.<\/p>\n\n\n\n<p>10 <strong>Haftungsausschluss der IGKC:<\/strong><\/p>\n\n\n\n<p>Die ICKG \u00fcbernimmt keine wie auch immer geartete Haftung f\u00fcr allf\u00e4llige Sch\u00e4den, die ein Karteninhaber im Zusammenhang mit der Inanspruchnahme angebotener Leistungen erleidet. Die IGKC haftet ausschlie\u00dflich f\u00fcr die technische Abwicklung der K\u00e4rnten Card zwischen den Inhabern der K\u00e4rnten Card und den Partnerbetrieben. Aus der Ausstellung der K\u00e4rnten Card und der damit verbundenen M\u00f6glichkeit der Nutzung von Leistungen ist jedenfalls keine Haftung f\u00fcr die ICKG f\u00fcr allf\u00e4llige Sch\u00e4den aus der Nutzung der Leistungen abzuleiten. Bei Inanspruchnahme der Leistungen der K\u00e4rnten Card kommt ein direkter Vertrag nur zwischen dem Karteninhaber und dem jeweiligen Partnerbetrieb zustande. &nbsp;Eigenverantwortlich, selbst\u00e4ndig und haftbar gegen\u00fcber dem Karteninhaber sind ausschlie\u00dflich die jeweiligen Partnerbetriebe, deren Leistungen in Anspruch genommen werden.<\/p>\n\n\n\n<p>11 <strong>Anwendbares Recht \/ Gerichtsstand:<\/strong><\/p>\n\n\n\n<p>Auf allf\u00e4llige Rechtsstreitigkeiten aus der Verwendung bzw. Nutzung der K\u00e4rnten Card kommt \u00f6sterreichisches Recht zur Anwendung. Gerichtsstand ist das sachlich zust\u00e4ndige Gericht am Sitz der IGKC.<\/p>\n\n\n\n<p>12 <strong>Datenschutzerkl\u00e4rung:<\/strong><\/p>\n\n\n\n<p>Zum Zweck der Nutzung und Ausstellung der K\u00e4rnten Card werden personenbezogene Daten (Name, Vorname, (Titel), Geburtsdatum, Post- und E-Mail Adresse, Foto) verarbeitet, wozu Sie uns im Rahmen des Kaufs der K\u00e4rnten Card Ihre Einwilligung erteilt haben. Beim Kauf einer K\u00e4rnten Card im Onlineshop ist es zwingend erforderlich, um Missbrauch vorzubeugen, ein Foto hochzuladen. Personenbezogenen Daten werden von unseren jeweiligen Verkaufsstellen zur zentralen Abwicklung und Verwaltung der K\u00e4rnten Card an die IGKC weitergegeben, von dieser zur zentralen Statistikerstellung bzw. Verwaltung verwendet und zwecks Nutzung der mit der K\u00e4rnten Card verkn\u00fcpften Angebote an die zur Leistungserbringung angesprochenen eigenverantwortlichen, selbst\u00e4ndig t\u00e4tigen gewerblichen Partnerbetriebe \u00fcbermittelt. Diese Einwilligung kann von Ihnen jederzeit ohne Angabe von Gr\u00fcnden schriftlich mit Wirkung f\u00fcr die Zukunft widerrufen werden. Bei Widerruf wird die K\u00e4rnten Card gesperrt und entf\u00e4llt daraus k\u00fcnftig der Leistungsanspruch.<\/p>\n\n\n\n<p>Ihre personenbezogenen Daten werden ohne Ihre ausdr\u00fcckliche Einwilligung nicht zu Analyse- oder Werbezwecken an K\u00e4rnten Card Kooperationspartner weitergegeben. Ausgenommen davon sind Karten, die im Zuge der K\u00e4rntner Familienkartenaktion aufgeladen wurden. Hier erfolgt eine Weitergabe der Daten zu Analysezwecken an das Land K\u00e4rnten.<\/p>\n\n\n\n<p>Alle personenbezogenen Daten werden nach Ablauf der gesetzlichen Fristen anonymisiert. Ihnen steht als Betroffener das Recht auf Auskunft, Berichtigung, L\u00f6schung, Einschr\u00e4nkung, Daten\u00fcbertragbarkeit, Widerruf und Widerspruch zu. Wenn Sie glauben, dass die Verarbeitung Ihrer Daten gegen das Datenschutzrecht verst\u00f6\u00dft oder Ihre datenschutzrechtlichen Anspr\u00fcche sonst in einer Weise verletzt worden sind, k\u00f6nnen Sie sich bei der Aufsichtsbeh\u00f6rde beschweren. In \u00d6sterreich ist dies die Datenschutzbeh\u00f6rde.<\/p>\n\n\n\n<p>Bei R\u00fcckfragen wenden Sie sich an:<\/p>\n\n\n\n<p>Interessensgemeinschaft K\u00e4rnten Card Betriebe<\/p>\n\n\n\n<p>Trattengasse 32<br>9500 Villach<br>Tel.: 04242\/90 525<br>E-Mail:&nbsp;<a href=\"mailto:office@kaerntencard.at\">office@kaerntencard.at<\/a><\/p>\n\n\n\n<p>N\u00e4herer Details entnehmen Sie bitte unserem Datenschutzhinweis auf unserer Homepage&nbsp;<a href=\"http:\/\/www.kaerntencard.at\/datenschutz.pdf\">www.kaerntencard.at\/datenschutz.pdf<\/a><\/p>\n\n\n\n<p>Stand 01.12.2025<\/p>\n\n\n\n<p><\/p>\n","protected":false},"excerpt":{"rendered":"<p>Allgemeine Gesch\u00e4ftsbedingungen 1 Geltungsbereich der AGBs, Begriffsbestimmungen: Diese Allgemeinen Gesch\u00e4ftsbedingungen (im Folgenden kurz \u201eAGB\u201c) gelten f\u00fcr alle Kategorien der K\u00e4rnten Card und f\u00fcr sonstige Angebote und Leistungen der Interessensgemeinschaft K\u00e4rnten Card Betriebe (im Folgenden kurz \u201eIGKC\u201c) gleicherma\u00dfen, sofern nicht in einzelnen Bestimmungen abweichenden Regelungen getroffen werden. Ein direkter Vertrag wird nur mit den eigenverantwortlichen, selbst\u00e4ndig [&hellip;]<\/p>\n","protected":false},"author":1,"featured_media":0,"parent":0,"menu_order":0,"comment_status":"closed","ping_status":"closed","template":"standard-template-impressum-datenschutz.php","meta":{"_acf_changed":false,"slim_seo":{"title":"AGB - K\u00e4rntencard Winter","description":"Allgemeine Gesch\u00e4ftsbedingungen 1 Geltungsbereich der AGBs, Begriffsbestimmungen: Diese Allgemeinen Gesch\u00e4ftsbedingungen (im Folgenden kurz \u201e AGB \u201c) gelten f\u00fcr"},"footnotes":""},"class_list":["post-64","page","type-page","status-publish","hentry"],"acf":[],"distributor_meta":false,"distributor_terms":false,"distributor_media":false,"distributor_original_site_name":"K\u00e4rntencard Winter","distributor_original_site_url":"https:\/\/www.kaerntencard.at\/winter","push-errors":false,"_links":{"self":[{"href":"https:\/\/www.kaerntencard.at\/winter\/wp-json\/wp\/v2\/pages\/64","targetHints":{"allow":["GET"]}}],"collection":[{"href":"https:\/\/www.kaerntencard.at\/winter\/wp-json\/wp\/v2\/pages"}],"about":[{"href":"https:\/\/www.kaerntencard.at\/winter\/wp-json\/wp\/v2\/types\/page"}],"author":[{"embeddable":true,"href":"https:\/\/www.kaerntencard.at\/winter\/wp-json\/wp\/v2\/users\/1"}],"replies":[{"embeddable":true,"href":"https:\/\/www.kaerntencard.at\/winter\/wp-json\/wp\/v2\/comments?post=64"}],"version-history":[{"count":3,"href":"https:\/\/www.kaerntencard.at\/winter\/wp-json\/wp\/v2\/pages\/64\/revisions"}],"predecessor-version":[{"id":2213,"href":"https:\/\/www.kaerntencard.at\/winter\/wp-json\/wp\/v2\/pages\/64\/revisions\/2213"}],"wp:attachment":[{"href":"https:\/\/www.kaerntencard.at\/winter\/wp-json\/wp\/v2\/media?parent=64"}],"curies":[{"name":"wp","href":"https:\/\/api.w.org\/{rel}","templated":true}]}}